{"id":16883,"date":"2025-05-21T04:47:25","date_gmt":"2025-05-21T02:47:25","guid":{"rendered":"http:\/\/septiagri-machines.com\/?post_type=product&#038;p=16883"},"modified":"2025-05-21T04:47:42","modified_gmt":"2025-05-21T02:47:42","slug":"tondeuse-autoportee-vl40hkbi","status":"publish","type":"product","link":"https:\/\/septiagri-machines.com\/index.php\/produit\/tondeuse-autoportee-vl40hkbi\/","title":{"rendered":"tondeuse-autoportee-vl40hkbi"},"content":{"rendered":"<p>Produit : neuf exp\u00e9di\u00e9 depuis nos entrep\u00f4ts r\u00e9gionaux fran\u00e7ais<\/p>\n<p>Livraison offerte<br \/>\nLivr\u00e9: 5 Jours ouvr\u00e9s<br \/>\nGarantie 2 ans du fabricant<\/p>\n","protected":false},"excerpt":{"rendered":"<p>Le tracteur de jardin autoport\u00e9 fait pour durer<br \/>\nCe tracteur de pelouse est pr\u00e9vu pour des surfaces de plus de 3000 m\u00b2 de tonte sans broncher, et rapidement gr\u00e2ce une largeur de coupe de 102 cm, ce qui le rend imbattable en rapport qualit\u00e9, performance, prix.<\/p>\n<p>L\u2019autoport\u00e9e VL 40 HK Bi est faite pour durer. Elle n\u00e9cessite un entretien r\u00e9duit au strict minimum et vous garantit des heures d\u2019utilisation ininterrompues.<\/p>\n<p>Il est \u00e9quip\u00e9 d\u2019un puissant moteur Kawasaki FS481 V bi-cylindre, 603cc, r\u00e9put\u00e9 pour sa fiabilit\u00e9.<\/p>\n<p>Quelles que soient les conditions climatiques, que l\u2019herbe soit mouill\u00e9e ou pas, vous serez \u00e9tonn\u00e9s par sa capacit\u00e9 de ramassage et sa performance de tonte.<\/p>\n<p>Gr\u00e2ce \u00e0 sa bo\u00eete hydrostatique, la prise en main et la conduite sont particuli\u00e8rement ais\u00e9es, et vous permettent de r\u00e9gler votre vitesse de tonte pr\u00e9cis\u00e9ment. Les mains sont lib\u00e9r\u00e9es, vous pouvez vous concentrer sur votre tonte ! La bo\u00eete hydrostatique augmente la long\u00e9vit\u00e9 et le degr\u00e9 de fiabilit\u00e9 du syst\u00e8me de transmission, en comparaison avec une bo\u00eete m\u00e9canique traditionnelle.<\/p>\n<p>Performance aussi au rendez-vous avec son bac de grande capacit\u00e9 de 300 litres, vous \u00e9vitant des allers retours incessants pour d\u00e9charger votre herbe.<\/p>\n<p>Tondeuse autoport\u00e9e \u00e0 \u00e9jection arri\u00e8re.<br \/>\nLargeur de coupe de 102 cm.<br \/>\nMoteur Kawasaki FS481 V bicylindre.<br \/>\nAvancement hydrostatique.<br \/>\nBac de ramassage int\u00e9gr\u00e9, capacit\u00e9 300 litres.<br \/>\nFourni avec compteur horaire.<\/p>\n<p>Existe avec bac de ramassage avec relevage \u00e9lectrique<\/p>\n<p>Le plateau de coupe est sp\u00e9cialement con\u00e7u pour ne pas rouiller et \u00eatre d\u2019une solidit\u00e9 \u00e0 toute \u00e9preuve.<\/p>\n<p>Si\u00e8ge r\u00e9glable et supendu pour vous permettre d\u2019adapter au mieux votre position de conduite.<\/p>\n<p>Le levier de vidange du bac s\u2019actionne du poste de conduite, vous \u00e9vitant de descendre du tracteur tondeuse.<\/p>\n<p>CARACT\u00c9RISTIQUES<br \/>\nMod\u00e8le VL40HKBI<br \/>\nMarque VERTS LOISIRS<br \/>\nType Moteur Thermique<br \/>\nCylindr\u00e9e moteur (cc) 603<br \/>\nMarque moteur Kawasaki<br \/>\nMod\u00e8le moteur FS481V bicylindre<br \/>\nNombre de cylindres 2<br \/>\nType de transmission Hydro<br \/>\nCarburant SP 95<br \/>\nNombre de lames 2<br \/>\nLargeur de coupe (cm) 102<br \/>\nR\u00e9glage hauteur de coupe (nb de positions) 7 positions, de 30 \u00e0 90 mm<br \/>\nD\u00e9flecteur En option<br \/>\nType d\u2019\u00e9jection Arri\u00e8re<br \/>\nKit Mulching En option<br \/>\nCapacit\u00e9 bac ramassage (l) 300<\/p>\n","protected":false},"featured_media":16952,"comment_status":"open","ping_status":"closed","template":"","meta":[],"product_brand":[],"product_cat":[82],"product_tag":[],"class_list":{"0":"post-16883","1":"product","2":"type-product","3":"status-publish","4":"has-post-thumbnail","6":"product_cat-motoculteur","8":"first","9":"instock","10":"sale","11":"shipping-taxable","12":"purchasable","13":"product-type-simple"},"_links":{"self":[{"href":"https:\/\/septiagri-machines.com\/index.php\/wp-json\/wp\/v2\/product\/16883","targetHints":{"allow":["GET"]}}],"collection":[{"href":"https:\/\/septiagri-machines.com\/index.php\/wp-json\/wp\/v2\/product"}],"about":[{"href":"https:\/\/septiagri-machines.com\/index.php\/wp-json\/wp\/v2\/types\/product"}],"replies":[{"embeddable":true,"href":"https:\/\/septiagri-machines.com\/index.php\/wp-json\/wp\/v2\/comments?post=16883"}],"version-history":[{"count":1,"href":"https:\/\/septiagri-machines.com\/index.php\/wp-json\/wp\/v2\/product\/16883\/revisions"}],"predecessor-version":[{"id":16953,"href":"https:\/\/septiagri-machines.com\/index.php\/wp-json\/wp\/v2\/product\/16883\/revisions\/16953"}],"wp:featuredmedia":[{"embeddable":true,"href":"https:\/\/septiagri-machines.com\/index.php\/wp-json\/wp\/v2\/media\/16952"}],"wp:attachment":[{"href":"https:\/\/septiagri-machines.com\/index.php\/wp-json\/wp\/v2\/media?parent=16883"}],"wp:term":[{"taxonomy":"product_brand","embeddable":true,"href":"https:\/\/septiagri-machines.com\/index.php\/wp-json\/wp\/v2\/product_brand?post=16883"},{"taxonomy":"product_cat","embeddable":true,"href":"https:\/\/septiagri-machines.com\/index.php\/wp-json\/wp\/v2\/product_cat?post=16883"},{"taxonomy":"product_tag","embeddable":true,"href":"https:\/\/septiagri-machines.com\/index.php\/wp-json\/wp\/v2\/product_tag?post=16883"}],"curies":[{"name":"wp","href":"https:\/\/api.w.org\/{rel}","templated":true}]}}