{"id":15988,"date":"2025-05-21T04:37:12","date_gmt":"2025-05-21T02:37:12","guid":{"rendered":"http:\/\/septiagri-machines.com\/?post_type=product&#038;p=15988"},"modified":"2025-05-21T04:37:31","modified_gmt":"2025-05-21T02:37:31","slug":"rampe-dacces-et-de-chargement-antiderapante-pliable-en-2","status":"publish","type":"product","link":"https:\/\/septiagri-machines.com\/index.php\/produit\/rampe-dacces-et-de-chargement-antiderapante-pliable-en-2\/","title":{"rendered":"Rampe d\u2019acc\u00e8s et de chargement \u2013 Antid\u00e9rapante \u2013 Pliable en 2"},"content":{"rendered":"<p><strong>Sp\u00e9cifications :<\/strong><\/p>\n<p>-Longueur : 227 cm<\/p>\n<p>-Largeur : 27,5 cm<\/p>\n<p>-Hauteur : 5,5 cm<\/p>\n<p>-Poids : 7,2 kg<\/p>\n<p>-Mat\u00e9riau : aluminium<\/p>\n<p>-Couleur : gris, rouge<\/p>\n<p>-forme : Point<\/p>\n<p>-Charge maximale : 680 kg<\/p>\n<p>-nombre par paquet : 2 rampes<\/p>\n<p>-Caract\u00e9ristiques de la rampe de chargement : Pliable<\/p>\n<p>\u2013 Poids \u00e0 vide : seulement 7,2 kg<\/p>\n<p>\u2013 Hauteur de chargement maximale : 100,0 cm<\/p>\n","protected":false},"excerpt":{"rendered":"<p><strong>Nous vous proposons une rampe d\u2019acc\u00e8s Masko\u00ae pliable.<\/strong><\/p>\n<p>\u00c9quip\u00e9e d\u2019une surface antid\u00e9rapante, elle peut supporter une charge de 340 kg* (par rampe) (max. 680 kg* par paire). La rampe peut \u00eatre utilis\u00e9e seule ou par lot de 2. La rampe est id\u00e9ale pour charger des tondeuses \u00e0 gazon, des scooters, des engins de chantier, etc. L\u00e9g\u00e8re, polyvalente et mobile, elle ne conna\u00eet pratiquement aucune limite.<\/p>\n<p>Les points forts :<\/p>\n<p>\u2013 Id\u00e9ale pour une utilisation quotidienne.<\/p>\n<p>\u2013 Utilisable de mani\u00e8re polyvalente<\/p>\n<p>\u2013 Convient aux caravanes et aux remorques<\/p>\n<p>\u2013 S\u00fbr et facile \u00e0 manipuler<\/p>\n<p>\u2013 Pliable pour un gain de place<\/p>\n<p>\u2013 Avec housse en plastique<\/p>\n<p>\u2013 Robuste et antid\u00e9rapant gr\u00e2ce aux bords en aluminium qui d\u00e9passent l\u00e9g\u00e8rement<\/p>\n","protected":false},"featured_media":16033,"comment_status":"open","ping_status":"closed","template":"","meta":[],"product_brand":[],"product_cat":[72],"product_tag":[],"class_list":{"0":"post-15988","1":"product","2":"type-product","3":"status-publish","4":"has-post-thumbnail","6":"product_cat-remorque","8":"first","9":"instock","10":"shipping-taxable","11":"purchasable","12":"product-type-simple"},"_links":{"self":[{"href":"https:\/\/septiagri-machines.com\/index.php\/wp-json\/wp\/v2\/product\/15988","targetHints":{"allow":["GET"]}}],"collection":[{"href":"https:\/\/septiagri-machines.com\/index.php\/wp-json\/wp\/v2\/product"}],"about":[{"href":"https:\/\/septiagri-machines.com\/index.php\/wp-json\/wp\/v2\/types\/product"}],"replies":[{"embeddable":true,"href":"https:\/\/septiagri-machines.com\/index.php\/wp-json\/wp\/v2\/comments?post=15988"}],"version-history":[{"count":1,"href":"https:\/\/septiagri-machines.com\/index.php\/wp-json\/wp\/v2\/product\/15988\/revisions"}],"predecessor-version":[{"id":16034,"href":"https:\/\/septiagri-machines.com\/index.php\/wp-json\/wp\/v2\/product\/15988\/revisions\/16034"}],"wp:featuredmedia":[{"embeddable":true,"href":"https:\/\/septiagri-machines.com\/index.php\/wp-json\/wp\/v2\/media\/16033"}],"wp:attachment":[{"href":"https:\/\/septiagri-machines.com\/index.php\/wp-json\/wp\/v2\/media?parent=15988"}],"wp:term":[{"taxonomy":"product_brand","embeddable":true,"href":"https:\/\/septiagri-machines.com\/index.php\/wp-json\/wp\/v2\/product_brand?post=15988"},{"taxonomy":"product_cat","embeddable":true,"href":"https:\/\/septiagri-machines.com\/index.php\/wp-json\/wp\/v2\/product_cat?post=15988"},{"taxonomy":"product_tag","embeddable":true,"href":"https:\/\/septiagri-machines.com\/index.php\/wp-json\/wp\/v2\/product_tag?post=15988"}],"curies":[{"name":"wp","href":"https:\/\/api.w.org\/{rel}","templated":true}]}}