{"id":15847,"date":"2025-05-21T04:35:57","date_gmt":"2025-05-21T02:35:57","guid":{"rendered":"http:\/\/septiagri-machines.com\/?post_type=product&#038;p=15847"},"modified":"2025-05-21T04:36:40","modified_gmt":"2025-05-21T02:36:40","slug":"plateforme-basculante-260-m-x-153-m-750-kg-brenderup-2","status":"publish","type":"product","link":"https:\/\/septiagri-machines.com\/index.php\/produit\/plateforme-basculante-260-m-x-153-m-750-kg-brenderup-2\/","title":{"rendered":"Plateforme basculante 2,60 m x 1,53 m \/ 750 kg BRENDERUP"},"content":{"rendered":"<p><strong>CARACT\u00c9RISTIQUES:<\/strong><\/p>\n<ul>\n<li>Marque : Brenderup<\/li>\n<li>Type : parc-jardin<\/li>\n<li>Poids total du v\u00e9hicule : 750 kg<\/li>\n<li>Charge utile : 490 kg<\/li>\n<li>Dimensions hors tout : 2,60 m x 1,53 m x 0,26 m<\/li>\n<li>Simple essieu sans frein<\/li>\n<li>Roue de support<\/li>\n<li>roues de 13 pouces<\/li>\n<li>Anneaux d\u2019ancrage<\/li>\n<\/ul>\n","protected":false},"excerpt":{"rendered":"<p>Gr\u00e2ce \u00e0 la plateforme inclinable, il est id\u00e9al pour le transport de gros v\u00e9hicules, quads et tondeuses autoport\u00e9es.<br \/>\nRemorque neuve avec garantie 2 ans !<\/p>\n","protected":false},"featured_media":15921,"comment_status":"open","ping_status":"closed","template":"","meta":[],"product_brand":[],"product_cat":[72],"product_tag":[],"class_list":{"0":"post-15847","1":"product","2":"type-product","3":"status-publish","4":"has-post-thumbnail","6":"product_cat-remorque","8":"first","9":"instock","10":"shipping-taxable","11":"purchasable","12":"product-type-simple"},"_links":{"self":[{"href":"https:\/\/septiagri-machines.com\/index.php\/wp-json\/wp\/v2\/product\/15847","targetHints":{"allow":["GET"]}}],"collection":[{"href":"https:\/\/septiagri-machines.com\/index.php\/wp-json\/wp\/v2\/product"}],"about":[{"href":"https:\/\/septiagri-machines.com\/index.php\/wp-json\/wp\/v2\/types\/product"}],"replies":[{"embeddable":true,"href":"https:\/\/septiagri-machines.com\/index.php\/wp-json\/wp\/v2\/comments?post=15847"}],"version-history":[{"count":1,"href":"https:\/\/septiagri-machines.com\/index.php\/wp-json\/wp\/v2\/product\/15847\/revisions"}],"predecessor-version":[{"id":15922,"href":"https:\/\/septiagri-machines.com\/index.php\/wp-json\/wp\/v2\/product\/15847\/revisions\/15922"}],"wp:featuredmedia":[{"embeddable":true,"href":"https:\/\/septiagri-machines.com\/index.php\/wp-json\/wp\/v2\/media\/15921"}],"wp:attachment":[{"href":"https:\/\/septiagri-machines.com\/index.php\/wp-json\/wp\/v2\/media?parent=15847"}],"wp:term":[{"taxonomy":"product_brand","embeddable":true,"href":"https:\/\/septiagri-machines.com\/index.php\/wp-json\/wp\/v2\/product_brand?post=15847"},{"taxonomy":"product_cat","embeddable":true,"href":"https:\/\/septiagri-machines.com\/index.php\/wp-json\/wp\/v2\/product_cat?post=15847"},{"taxonomy":"product_tag","embeddable":true,"href":"https:\/\/septiagri-machines.com\/index.php\/wp-json\/wp\/v2\/product_tag?post=15847"}],"curies":[{"name":"wp","href":"https:\/\/api.w.org\/{rel}","templated":true}]}}